{"id":48623,"date":"2022-09-23T16:05:34","date_gmt":"2022-09-23T16:05:34","guid":{"rendered":"https:\/\/www.fabricaal.com\/?post_type=product&#038;p=48623"},"modified":"2025-11-14T14:09:55","modified_gmt":"2025-11-14T14:09:55","slug":"manta-9-1","status":"publish","type":"product","link":"https:\/\/www.fabricaal.com\/en\/produto\/manta-9-1\/","title":{"rendered":"Manta 9"},"content":{"rendered":"","protected":false},"excerpt":{"rendered":"<p class=\"qtranxs-available-languages-message qtranxs-available-languages-message-en\">Sorry, this entry is only available in <a href=\"https:\/\/www.fabricaal.com\/pt\/wp-json\/wp\/v2\/product\/48623\" class=\"qtranxs-available-language-link qtranxs-available-language-link-pt\" title=\"Portugu\u00eas\">European Portuguese<\/a>.<\/p>\n<p>Um dos mais belos e antigos padr\u00f5es tecido em tear de espiga, agora com novas cores , em tons azuis , verdes, russo e cru. Podemos fazer puffs, malas, mantas, tape\u00e7arias, tapetes com estes padr\u00f5es. Se n\u00e3o encontrar o que procura entre em contacto conosco.<\/p>\n","protected":false},"featured_media":48626,"comment_status":"closed","ping_status":"closed","template":"","meta":[],"product_cat":[17],"product_tag":[106,401,127,89,87,110,173,86,174,355,301,88,100,123,378,175,92,191,190,103,202,198,322,109,108,104,99,97,124,90,182,107,196,125,201,372,84,85,91,199,126,371,353,413,102,101,414,105,96,94,98,170,95,93],"acf":[],"_links":{"self":[{"href":"https:\/\/www.fabricaal.com\/en\/wp-json\/wp\/v2\/product\/48623"}],"collection":[{"href":"https:\/\/www.fabricaal.com\/en\/wp-json\/wp\/v2\/product"}],"about":[{"href":"https:\/\/www.fabricaal.com\/en\/wp-json\/wp\/v2\/types\/product"}],"replies":[{"embeddable":true,"href":"https:\/\/www.fabricaal.com\/en\/wp-json\/wp\/v2\/comments?post=48623"}],"wp:featuredmedia":[{"embeddable":true,"href":"https:\/\/www.fabricaal.com\/en\/wp-json\/wp\/v2\/media\/48626"}],"wp:attachment":[{"href":"https:\/\/www.fabricaal.com\/en\/wp-json\/wp\/v2\/media?parent=48623"}],"wp:term":[{"taxonomy":"product_cat","embeddable":true,"href":"https:\/\/www.fabricaal.com\/en\/wp-json\/wp\/v2\/product_cat?post=48623"},{"taxonomy":"product_tag","embeddable":true,"href":"https:\/\/www.fabricaal.com\/en\/wp-json\/wp\/v2\/product_tag?post=48623"}],"curies":[{"name":"wp","href":"https:\/\/api.w.org\/{rel}","templated":true}]}}

<p class="qtranxs-available-languages-message qtranxs-available-languages-message-en">Sorry, this entry is only available in <a href="https://www.fabricaal.com/pt/wp-json/wp/v2/product/48623" class="qtranxs-available-language-link qtranxs-available-language-link-pt" title="Português">European Portuguese</a>.</p>
<p>Um dos mais belos e antigos padrões tecido em tear de espiga, agora com novas cores , em tons azuis , verdes, russo e cru. Podemos fazer puffs, malas, mantas, tapeçarias, tapetes com estes padrões. Se não encontrar o que procura entre em contacto conosco.</p>
